Let n(h) = 4*h + 225. Calculate n(-57).
-3
Let u(r) = -7*r - 17. What is u(-10)?
53
Let m(f) = -9*f + 75. Calculate m(9).
-6
Let o(c) = -43*c - 164. Calculate o(-4).
8
Let p(i) = -i + 21. Determine p(9).
12
Let s(v) = -v**2 - 8*v + 9. Give s(1).
0
Let i(m) = m + 2. Calculate i(-2).
0
Let h(l) = -11*l - 498. Determine h(-45).
-3
Let m(u) = 3*u - 1. Determine m(4).
11
Let p(l) = -3*l**2 + 9*l + 24. Give p(-2).
-6
Let u(p) = -5*p**2 + 33*p + 5. Calculate u(7).
-9
Let r(o) = -o**2 + 13*o + 1. What is r(14)?
-13
Let h(s) = 2*s**2 + 9*s + 9. Determine h(-5).
14
Let q(k) = -14*k - 28. Give q(-4).
28
Let d(r) = -132*r + 117. Calculate d(1).
-15
Let x(v) = -2*v**3 - 5*v**2 - 3*v + 3. Determine x(-3).
21
Let u(r) = r**2 + r - 13. What is u(8)?
59
Let c(q) = q**3 - 14*q**2 + 11*q + 27. What is c(13)?
1
Let f(u) = 2*u**3 + 28*u**2 + 27*u + 8. Determine f(-13).
-5
Let z(x) = -x**3 - 12*x**2 - x - 14. Give z(-12).
-2
Let l(s) = s**3 + 8*s**2 + 7*s - 4. Calculate l(-7).
-4
Let t(c) = 2*c + 12. What is t(-1)?
10
Let x(v) = -v**3 + 23*v**2 - 21*v - 61. Determine x(22).
-39
Let z(w) = -w**3 + 6*w**2 + 4*w - 24. Give z(5).
21
Let i(h) = -h**3 - 12*h**2 + 27*h - 14. Give i(-14).
0
Let b(r) = 6*r - 57. Determine b(8).
-9
Let k(g) = -g**2 + 23*g - 137. Give k(14).
-11
Let f(o) = 5*o + 51. What is f(0)?
51
Let o(g) = -3*g**2 + 23*g - 17. What is o(7)?
-3
Let d(p) = -p**2 - 2*p + 2. Calculate d(-4).
-6
Let n(d) = 10*d**2 + d - 1. Give n(1).
10
Let s(p) = -p**2 - p + 11. What is s(7)?
-45
Let t(a) = 3*a - 14. Give t(0).
-14
Let u(l) = 2*l**2 + 16*l + 43. Give u(-6).
19
Let a(t) = -t**2 - 18*t - 45. Calculate a(-4).
11
Let c(r) = -4*r**3 + r**2. Determine c(-1).
5
Let o(v) = 3*v + 2. What is o(-1)?
-1
Let d(p) = -3*p. Give d(2).
-6
Let r(c) = 3*c**3 - 3*c**2 + 2*c. Determine r(2).
16
Let i(d) = -38*d**3 - 2*d + 1. What is i(1)?
-39
Let k(j) = -10*j + 103. Calculate k(11).
-7
Let s(f) = -f**2 + 32*f + 271. Calculate s(-7).
-2
Let t(z) = z**3 + 3*z**2 + 2*z - 9. Determine t(-4).
-33
Let h(s) = -s**3 - 34*s**2 - 67*s - 47. Determine h(-32).
49
Let z(x) = -x + 2. Calculate z(-4).
6
Let b(z) = 5*z**2 + 14*z + 27. What is b(-2)?
19
Let p(o) = -o**3 - 7*o**2 - o - 21. What is p(-7)?
-14
Let x(q) = q**2 - 13*q - 3. Determine x(13).
-3
Let d(j) = -2*j**2 - 16*j + 84. Calculate d(4).
-12
Let k(t) = 2*t**2 + 16*t + 52. Give k(-12).
148
Let j(x) = -x**3 - 30*x**2 - 32*x - 94. What is j(-29)?
-7
Let k(z) = -z - 12. What is k(12)?
-24
Let c(j) = 10*j**2 + 30*j - 40. What is c(-4)?
0
Let l(u) = u**3 + 2*u**2 + 7*u + 5. Determine l(-5).
-105
Let r(y) = y**3 + 5*y**2 + 3*y - 2. Give r(-3).
7
Let o(q) = q**2 - q - 4. What is o(5)?
16
Let p(v) = -4*v + 34. Calculate p(10).
-6
Let d(p) = -p + 24. What is d(9)?
15
Let b(s) = -13*s**2 - s + 2. Give b(1).
-12
Let c(p) = 56*p + 159. Calculate c(-3).
-9
Let c(d) = -d**3 - 4*d**2 + 8*d + 8. Determine c(-5).
-7
Let f(l) = -5*l**3 + l**2 - 2*l + 1. Determine f(2).
-39
Let g(r) = -2*r**3 - r**2 - r - 6. Calculate g(0).
-6
Let v(g) = -g**3 - 5*g**2 - 7*g - 4. What is v(-5)?
31
Let r(y) = y**2 - 16*y + 41. Determine r(11).
-14
Let d(u) = u - 16. Determine d(4).
-12
Let h(m) = m**3 + 2*m**2 + 2. Calculate h(-2).
2
Let c(t) = -t**2 + 10*t - 39. Calculate c(8).
-23
Let z(i) = i**2 - 11*i + 9. Give z(5).
-21
Let u(o) = 10*o + 93. Determine u(-8).
13
Let p(x) = -x + 24. What is p(18)?
6
Let b(g) = g**3 - 14*g**2 + g - 6. Give b(14).
8
Let p(u) = -30*u + 179. Give p(6).
-1
Let x(n) = -n - 2. Determine x(2).
-4
Let a(d) = 2*d**2 + 4*d + 2. Determine a(-7).
72
Let v(q) = -q**3 - 2*q**2 + 2*q - 9. Give v(-3).
-6
Let l(d) = 6*d - 113. Calculate l(16).
-17
Let l(y) = -y**3 + 13*y**2 - 20*y + 30. Calculate l(12).
-66
Let l(r) = r**3 + 2*r**2 - r + 2. Give l(-3).
-4
Let f(s) = -s**2 + 3*s + 2. Give f(-3).
-16
Let x(y) = 11*y - 371. Give x(34).
3
Let y(t) = -18*t - 24. Calculate y(-6).
84
Let b(j) = -j**3 - 15*j**2 - 11*j + 6. Calculate b(-14).
-36
Let v(s) = 2*s**2 + 21*s + 29. What is v(-9)?
2
Let m(p) = -p**2 + 9*p - 4. Calculate m(9).
-4
Let l(f) = 6*f**3 - f**2 + 2*f - 1. Calculate l(1).
6
Let t(p) = p**3 + 9*p**2 + 6*p - 18. Give t(-8).
-2
Let j(f) = f**2 + 6*f - 7. Determine j(-6).
-7
Let w(o) = -o**3 + 3*o**2 + 4*o + 6. Give w(5).
-24
Let h(b) = 59*b**3 + b. Determine h(-1).
-60
Let m(i) = -2*i**2 - i + 7. Calculate m(4).
-29
Let t(n) = -n**2 - n - 5. What is t(0)?
-5
Let r(l) = -l**2 - 20*l - 29. Calculate r(-2).
7
Let y(i) = -i**3 + 13*i**2 - 42*i + 14. Calculate y(5).
4
Let j(x) = -x - 20. What is j(-10)?
-10
Let o(g) = g**3 + 7*g**2 + 5*g - 1. Calculate o(-6).
5
Let p(v) = 4*v**2 - 4*v + 3. Give p(2).
11
Let n(r) = -4*r + 10. Determine n(3).
-2
Let g(s) = -4*s - 35. Give g(-22).
53
Let a(r) = -3*r + 7. Calculate a(-5).
22
Let r(u) = u**2 - u + 2. Calculate r(0).
2
Let m(y) = -7*y - 30. Give m(-5).
5
Let k(r) = 7*r + 131. Give k(-16).
19
Let a(w) = 20*w - 9. Calculate a(-2).
-49
Let a(x) = x**2 + 10*x + 17. What is a(-7)?
-4
Let v(c) = -4*c + 11. Determine v(6).
-13
Let m(s) = -s**3 + 4*s**2 + 27*s + 6. Determine m(-4).
26
Let t(p) = -2*p**3 - 3*p**2 + 2*p. Calculate t(-3).
21
Let j(w) = w**3 + 2*w**2 - 17*w - 42. Calculate j(-3).
0
Let g(n) = -13*n**2 + 4*n + 1. What is g(1)?
-8
Let p(w) = -2*w + 31. What is p(0)?
31
Let k(f) = -3*f - 2. What is k(-6)?
16
Let b(o) = o**3 + 5*o - 2. Calculate b(3).
40
Let d(q) = -8*q + 23. Determine d(5).
-17
Let l(y) = y**3 + 2*y**2 + y + 1. Determine l(-3).
-11
Let o(c) = 2*c**3 - 12*c**2 + 10*c - 4. Determine o(5).
-4
Let g(f) = -f**2 + 9*f - 2. Give g(7).
12
Let j(q) = 45*q - 10. Calculate j(3).
125
Let y(w) = -3*w + 13. Calculate y(-10).
43
Let r(a) = a**3 - 11*a**2 + 4*a + 6. Give r(10).
-54
Let c(h) = -50*h + 4. Calculate c(3).
-146
Let l(a) = 4*a**3 + a**2 - 3*a - 11. Give l(-2).
-33
Let i(k) = 2*k - 5. Give i(5).
5
Let t(w) = -3*w + 11. Determine t(8).
-13
Let w(g) = g**2 - 6*g - 32. What is w(-3)?
-5
Let t(v) = -34*v + 62. What is t(2)?
-6
Let a(j) = j**2 - 6*j. Give a(5).
-5
Let s(k) = -2*k**2 - 8*k + 10. Give s(-5).
0
Let s(q) = 2*q**2 + 2*q - 12. Give s(-6).
48
Let m(f) = -12*f - 12. What is m(5)?
-72
Let p(w) = -2*w**2 + 4*w + 1. What is p(5)?
-29
Let w(g) = -g**3 + 2*g**2 + 67*g - 28. What is w(9)?
8
Let o(s) = -s**2 + 10*s - 8. Give o(6).
16
Let x(t) = t**3 + 5*t**2 - 16*t - 11. Determine x(-7).
3
Let c(l) = 23*l**2 + 92*l - 6. What is c(-4)?
-6
Let g(x) = 16*x + 101. What is g(-6)?
5
Let i(p) = -61*p**3 - 3*p**2 - 3*p + 5. Determine i(1).
-62
Let k(s) = -s + 3. Give k(6).
-3
Let d(h) = -h**2 - 8*h. What is d(-7)?
7
Let g(r) = 11*r + 243. Give g(-18).
45
Let y(i) = i**3 - 2*i**2 - 10*i + 8. Calculate y(-5).
-117
Let g(r) = 67*r - 66. Calculate g(1).
1
Let j(f) = -f**2 - 4*f + 3. What is j(-3)?
6
Let d(s) = -s**3 + 8*s**2 + 2*s - 4. What is d(8)?
12
Let w(g) = -g**2 + 27*g - 3. Give w(27).
-3
Let t(m) = -m**2 + 2*m + 1. Calculate t(2).
1
Let h(r) = -50*r + 42. What is h(1)?
-8
Let n(u) = -u**3 + 10*u**2 + 4*u - 23. Give n(10).
17
Let x(k) = -2*k**3 + 16*k**2 + 2*k - 11. Determine x(8).
5
Let d(c) = 2*c**2 + 7*c + 8. Calculate d(-3).
5
Let c(w) = -w**3 + 14*w**2 + 14*w + 20. Give c(15).
5
Let s(i) = i**2 - 3*i - 7. Determine s(6).
11
Let n(k) = k**3 + 11*k**2 - 13*k - 10. Give n(-12).
2
Let i(q) = q**2 + q - 39. Determine i(-7).
3
Let c(p) = p**3 + 16*p**2 - 37*p - 6. What is c(-18)?
12
Let r(d) = -d**2 - 8*d - 12. What is r(-5)?
3
Let d(c) = 9*c - 250. Give d(28).
2
Let p(l) = 19*l - 93. Determine p(5).
2
Let x(l) = -l**2 + 7*l - 3. Calculate x(1).
3
Let c(i) = i**3 + 13*i**2 - 20*i - 3. Calculate c(-14).
81
Let a(h) = 16*h + 94. Calculate a(-6).
-2
Let i(l) = -l**3 + 12*l**2 + l - 16. Determine i(12).
-4
Let b(l) = -l**3 + 7*l**2 - 13*l + 1. Give b(3).
-2
Let v(m) = 3*m + 26. Determine v(-8).
2
Let j(o) = -o**2 + 5*o + 2. What is j(6)?
-4
Let z(y) = y**2 + 14*y + 7. Calculate z(-13).
-6
Let v(o) = -2*o**3 - 15*o**2 + 26*o - 12. What is v(-9)?
-3
Let m(h) = 12*h - 31. What is m(3)?
5
Let u(x) = 2*x**2 - 27*x + 14. Give u(13).
1
Let p(i) = i**3 - 5*i - 42. What is p(0)?
-42
Let r(z) = 18*z - 3. What is r(-3)?
-57
Let a(t) = t**2 - 16*t + 11. What is a(15)?
-4
Let v(n) = n**3 + 12*n**2 + n + 3. Determine v(-11).
113
Let d(t) = t - 6. What is d(8)?
2
Let h(r) = r**2 + 52*r - 109. Calculate h(-54).
-1
L